{"id":1486,"date":"2017-09-29T13:48:53","date_gmt":"2017-09-29T11:48:53","guid":{"rendered":"http:\/\/wp.svfuchstal.de\/fussball\/?page_id=1486"},"modified":"2018-02-03T21:16:18","modified_gmt":"2018-02-03T20:16:18","slug":"alte-herren","status":"publish","type":"page","link":"https:\/\/www.svfuchstal.de\/fussball\/alte-herren\/","title":{"rendered":"ALTE HERREN"},"content":{"rendered":"<p>[et_pb_section bb_built=&#8220;1&#8243; transparent_background=&#8220;on&#8220; allow_player_pause=&#8220;off&#8220; inner_shadow=&#8220;off&#8220; parallax=&#8220;off&#8220; parallax_method=&#8220;on&#8220; make_fullwidth=&#8220;off&#8220; use_custom_width=&#8220;off&#8220; width_unit=&#8220;off&#8220; make_equal=&#8220;off&#8220; use_custom_gutter=&#8220;off&#8220; fullwidth=&#8220;off&#8220; specialty=&#8220;off&#8220; disabled=&#8220;off&#8220; background_color=&#8220;rgba(255,255,255,0)&#8220;][et_pb_row make_fullwidth=&#8220;off&#8220; use_custom_width=&#8220;off&#8220; width_unit=&#8220;off&#8220; custom_width_px=&#8220;1080px&#8220; custom_width_percent=&#8220;80%&#8220; use_custom_gutter=&#8220;off&#8220; gutter_width=&#8220;3&#8243; allow_player_pause=&#8220;off&#8220; parallax=&#8220;off&#8220; parallax_method=&#8220;on&#8220; make_equal=&#8220;off&#8220; parallax_1=&#8220;off&#8220; parallax_method_1=&#8220;on&#8220; parallax_2=&#8220;off&#8220; parallax_method_2=&#8220;on&#8220; parallax_3=&#8220;off&#8220; parallax_method_3=&#8220;on&#8220; parallax_4=&#8220;off&#8220; parallax_method_4=&#8220;on&#8220; disabled=&#8220;off&#8220; background_position=&#8220;top_left&#8220; background_repeat=&#8220;repeat&#8220; background_size=&#8220;initial&#8220;][et_pb_column type=&#8220;4_4&#8243;][et_pb_text admin_label=&#8220;\u00dcberschrift Alte Herren&#8220; _builder_version=&#8220;3.0.69&#8243; background_layout=&#8220;light&#8220; text_orientation=&#8220;left&#8220; border_style=&#8220;solid&#8220; module_id=&#8220;ah&#8220; module_alignment=&#8220;left&#8220;]<\/p>\n<h1>Alte Herren<\/h1>\n<h2>Hobbyrunde<\/h2>\n<p>[\/et_pb_text][et_pb_tabs admin_label=&#8220;Registerkarte &#8211; Alte Herren&#8220; active_tab_background_color=&#8220;#194a9a&#8220; inactive_tab_background_color=&#8220;rgba(4,56,130,0.58)&#8220; module_class=&#8220;ds-tab-navigation&#8220; tab_text_color=&#8220;#ffffff&#8220; body_font_size=&#8220;16&#8243; body_text_color=&#8220;#333333&#8243; use_border_color=&#8220;on&#8220; border_color=&#8220;#305e7c&#8220; border_style=&#8220;solid&#8220; disabled=&#8220;off&#8220; background_color=&#8220;#ffffff&#8220; background_position=&#8220;top_left&#8220; background_repeat=&#8220;repeat&#8220; background_size=&#8220;initial&#8220; _builder_version=&#8220;3.0.77&#8243;] [et_pb_tab title=&#8220;Alte Herren&#8220; tab_font=&#8220;||||&#8220; tab_line_height=&#8220;2em&#8220; tab_line_height_tablet=&#8220;2em&#8220; tab_line_height_phone=&#8220;2em&#8220; body_font=&#8220;||||&#8220; body_line_height=&#8220;2em&#8220; body_line_height_tablet=&#8220;2em&#8220; body_line_height_phone=&#8220;2em&#8220; disabled=&#8220;off&#8220; tab_font_select=&#8220;default&#8220; body_font_select=&#8220;default&#8220; background_position=&#8220;top_left&#8220; background_repeat=&#8220;repeat&#8220; background_size=&#8220;initial&#8220; _builder_version=&#8220;3.0.77&#8243; use_background_color_gradient=&#8220;off&#8220; background_color_gradient_start=&#8220;#2b87da&#8220; background_color_gradient_end=&#8220;#29c4a9&#8243; background_color_gradient_type=&#8220;linear&#8220; background_color_gradient_direction=&#8220;180deg&#8220; background_color_gradient_direction_radial=&#8220;center&#8220; background_color_gradient_start_position=&#8220;0%&#8220; background_color_gradient_end_position=&#8220;100%&#8220; parallax=&#8220;off&#8220; parallax_method=&#8220;on&#8220; background_blend=&#8220;normal&#8220; allow_player_pause=&#8220;off&#8220;]<\/p>\n<p><img decoding=\"async\" class=\"alignnone size-full wp-image-1517\" src=\"https:\/\/www.svfuchstal.de\/fussball\/wp-content\/uploads\/sites\/2\/2017\/09\/ahsvfuchstal-1.jpg\" alt=\"\" width=\"650\" srcset=\"https:\/\/www.svfuchstal.de\/fussball\/wp-content\/uploads\/sites\/2\/2017\/09\/ahsvfuchstal-1.jpg 1000w, https:\/\/www.svfuchstal.de\/fussball\/wp-content\/uploads\/sites\/2\/2017\/09\/ahsvfuchstal-1-300x158.jpg 300w, https:\/\/www.svfuchstal.de\/fussball\/wp-content\/uploads\/sites\/2\/2017\/09\/ahsvfuchstal-1-768x406.jpg 768w\" sizes=\"(max-width: 1000px) 100vw, 1000px\" \/><\/p>\n<p>[\/et_pb_tab][et_pb_tab title=&#8220;Kontakt&#8220; tab_font=&#8220;||||&#8220; tab_line_height=&#8220;2em&#8220; tab_line_height_tablet=&#8220;2em&#8220; tab_line_height_phone=&#8220;2em&#8220; body_font=&#8220;||||&#8220; body_line_height=&#8220;2em&#8220; body_line_height_tablet=&#8220;2em&#8220; body_line_height_phone=&#8220;2em&#8220; disabled=&#8220;off&#8220; tab_font_select=&#8220;default&#8220; body_font_select=&#8220;default&#8220; background_position=&#8220;top_left&#8220; background_repeat=&#8220;repeat&#8220; background_size=&#8220;initial&#8220; _builder_version=&#8220;3.0.77&#8243;]<\/p>\n<p>&nbsp;<\/p>\n<h3>Spielplan \/ Vereinbarung Spiele<\/h3>\n<p>Hans-Georg F\u00fcger<br \/>\nEmail: &#x63;&#104;&#x2d;&#104;g&#x66;&#64;g&#x6d;&#120;&#x2e;&#x64;e<br \/>\nMobil:\u00a0+49 172 8409030<\/p>\n<h3>Spielbetrieb<\/h3>\n<p>Hans Speckbacher<br \/>\nEmail: &#104;&#x61;&#110;&#x73;&#46;&#x73;&#112;&#x40;&#109;&#x65;&#46;&#x63;o&#x6d;<br \/>\nMobil:\u00a0+49 171 8326785<\/p>\n<p>Roland Schmid<br \/>\nEmail: &#x72;s&#x6a;&#101;&#x74;&#64;&#x67;&#x6d;x&#x2e;&#100;&#x65;<br \/>\nMobil:\u00a0+49 172 8373533<\/p>\n<p>Werner Ruf<br \/>\nEmail:\u00a0i&#x6e;&#102;o&#x40;&#x6c;&#101;&#x63;&#x68;&#116;a&#x6c;&#102;o&#x72;&#x65;&#108;&#x6c;&#x65;&#46;d&#x65;<br \/>\nMobil:\u00a0+49 172 6494930<\/p>\n<p>&nbsp;<\/p>\n<p>[\/et_pb_tab] [\/et_pb_tabs][\/et_pb_column][\/et_pb_row][et_pb_row][et_pb_column type=&#8220;4_4&#8243;][et_pb_accordion _builder_version=&#8220;3.0.77&#8243; border_style=&#8220;solid&#8220;] [et_pb_accordion_item _builder_version=&#8220;3.0.77&#8243; title=&#8220;AH wird Zweiter bei der Landkreismeisterschaft&#8220; use_background_color_gradient=&#8220;off&#8220; background_color_gradient_start=&#8220;#2b87da&#8220; background_color_gradient_end=&#8220;#29c4a9&#8243; background_color_gradient_type=&#8220;linear&#8220; background_color_gradient_direction=&#8220;180deg&#8220; background_color_gradient_direction_radial=&#8220;center&#8220; background_color_gradient_start_position=&#8220;0%&#8220; background_color_gradient_end_position=&#8220;100%&#8220; parallax=&#8220;off&#8220; parallax_method=&#8220;on&#8220; background_size=&#8220;cover&#8220; background_position=&#8220;center&#8220; background_repeat=&#8220;no-repeat&#8220; background_blend=&#8220;normal&#8220; allow_player_pause=&#8220;off&#8220;]<\/p>\n<p><img loading=\"lazy\" decoding=\"async\" class=\"alignnone  wp-image-1695\" src=\"https:\/\/www.svfuchstal.de\/fussball\/wp-content\/uploads\/sites\/2\/2017\/02\/IMG_6278_800x600.jpg\" alt=\"\" width=\"623\" height=\"551\" \/><\/p>\n<p>Die AH des SV Fuchstal musste sich bei der AH-Landkreismeisterschaft in Kaufering, obwohl kein Spiel verloren wurde, gegen den Titelverteidiger, den VFL Kaufering, nur durch das schlechtere Torverh\u00e4ltnis geschlagen geben.<\/p>\n<p>Tore: Zierer Christian 6, Fabian Klaus 4, Kirchbichler Joachim 2, Sauter Christoph 1, Frie\u00df Christian 1<\/p>\n<p>[\/et_pb_accordion_item][et_pb_accordion_item _builder_version=&#8220;3.0.77&#8243; use_background_color_gradient=&#8220;off&#8220; background_color_gradient_start=&#8220;#2b87da&#8220; background_color_gradient_end=&#8220;#29c4a9&#8243; background_color_gradient_type=&#8220;linear&#8220; background_color_gradient_direction=&#8220;180deg&#8220; background_color_gradient_direction_radial=&#8220;center&#8220; background_color_gradient_start_position=&#8220;0%&#8220; background_color_gradient_end_position=&#8220;100%&#8220; parallax=&#8220;off&#8220; parallax_method=&#8220;on&#8220; background_size=&#8220;cover&#8220; background_position=&#8220;center&#8220; background_repeat=&#8220;no-repeat&#8220; background_blend=&#8220;normal&#8220; allow_player_pause=&#8220;off&#8220; title=&#8220;Dritter Sieg in Folge&#8220;]<\/p>\n<h2>SV Fuchstal feiert gegen Heiligkreuz in einem tollen Spiel den dritten Sieg in Folge<\/h2>\n<p><strong>AH F\u00fcchse drehen spannende Partie nach 1-3 R\u00fcckstand und gewinnen am Ende mit 5-3<\/strong><br \/>\nBei herrlichem Sommerwetter gab es bereits kurz vor der Partie einen handfesten Skandal. Die G\u00e4ste aus Heiligkreuz sicherten sich im Vorfeld die Dienste von 5 Spielern der F\u00fcchse und wollten so die Hausherren in die Knie zwingen :-).<\/p>\n<p>Zun\u00e4chst schien das Konzept aufzugehen. Die G\u00e4ste gewannen die wichtigen zweiten B\u00e4lle im Mittelfeld und sorgten mit schnellen Kontern immer wieder f\u00fcr h\u00f6chste Gefahr vor dem Tor der Hausherren. Auf der anderen Seite versuchten die F\u00fcchse das Spiel im Mittelfeld zu kontrollieren und \u00fcber die Au\u00dfenpositionen zu Chancen zu kommen. Doch gerade in der R\u00fcckw\u00e4rtsbewegung zeigten sich gro\u00dfe L\u00fccken bei den Hausherren und so kam es wie es kommen musste. Nach einer Ecke der F\u00fcchse konnten die G\u00e4ste blitzschnell umschalten und der Konter f\u00fchrte nach zehn Minuten zum 1-0 f\u00fcr Heiligkreuz. Nur wenige Minuten sp\u00e4ter verhinderten eine tolle Parade vom Fuchstaler Torwart und der Pfosten das 0-2, als der G\u00e4stest\u00fcrmer erneut alleine vorm Tor der Hausherren auftauchte. Nach 15 Minuten konnten die F\u00fcchse ihrerseits nach einem Ballgewinn im Mittelfeld und einer tollen Kombination zum 1-1 ausgleichen. Obwohl beide Seiten noch einige Chancen zur F\u00fchrung hatten, blieb es in einem spannenden AH Spiel beim 1-1 zur Pause.<\/p>\n<p>Nach dem Seitenwechsel wollten die F\u00fcchse kompakter und mit mehr Ballkontrolle agieren. Doch innerhalb von 5 Minuten stand es nach zwei schnellen Angriffen der G\u00e4ste 1-3. Zu diesem Zeitpunkt h\u00e4tten die G\u00e4ste sogar noch h\u00f6her f\u00fchren k\u00f6nnen. Erst ab der 55.Minute bekamen die Hausherren dann das Spiel in den Griff und konnten sich im weiteren Verlauf gute Chancen herausspielen. Folgerichtig erzielten die F\u00fcchse den 2-3 Anschlusstreffer. Nur Minuten sp\u00e4ter folgte der 3-3 Ausgleichstreffer mit dem Tor des Tages &#8211; einem Volleyschuss aus 18 Meter direkt in die linke Torecke durch den starken Mittelfeldmotor Fr\u00e4nki. Jetzt lie\u00dfen die F\u00fcchse nicht mehr locker und dr\u00fcckten auf den F\u00fchrungstreffer. Dieser gelang 10 Minuten vor Schluss im Nachsetzen per Kopf, nachdem eine der vielen guten Flanken \u00fcber die au\u00dfen zun\u00e4chst noch durch den starken G\u00e4stekeeper entsch\u00e4rft werden konnte. Als nach einer Ecke noch das 5-3 f\u00fcr die Hausherren fiel, war die spannende Partie entschieden. Eine tolle Moral, ein super Miteinander und wieder eine geschlossene Mannschaftsleistung von Abwehr bis Angriff waren am Ende ausschlaggebend, dass die F\u00fcchse das Ruder noch einmal rumrei\u00dfen konnten. Damit gewannen die F\u00fcchse auch die dritte Partie in Folge und sicherten sich die Pr\u00e4mie von einer Spansau f\u00fcrs Team. Die starken G\u00e4ste aus Heiligkreuz konnten ihre Niederlage in der 3.Halbzeit mehr als wettmachen. Zudem wurden die 5 ausgeliehenen F\u00fcchse-Spieler direkt nach Schlusspfiff wieder zur\u00fcck transferiert, so dass auch die Managementwelt beider Vereine wieder in Ordnung war :-). Die AH des SV Fuchstal geht nach 5 Siegen und einem Unentschieden ungeschlagen in die Sommerpause. Wir w\u00fcnschen allen Spielern mit ihren Familien eine sch\u00f6ne Urlaubszeit!<\/p>\n<p>Hinweis zu den n\u00e4. Terminen: &#8211; Vom 21.-25.August findet das Eisstockturnier der Dorfvereine statt &#8211; die AH wird 2 Herren- und 2 Damenmannschaft stellen (Wer dabei sein will, bitte gerne melden!!!) &#8211;<\/p>\n<p>Am 16.09. ist das Spansauessen auf dem Sportgel\u00e4nde geplant &#8211; bitte vormerken (evtl. k\u00f6nnen wir hier auch noch eine AH-Derby organisieren, Details folgen)<\/p>\n<p>[\/et_pb_accordion_item][et_pb_accordion_item _builder_version=&#8220;3.0.77&#8243; title=&#8220;2.Spiel &#8211; 2.Sieg! &#8220; use_background_color_gradient=&#8220;off&#8220; background_color_gradient_start=&#8220;#2b87da&#8220; background_color_gradient_end=&#8220;#29c4a9&#8243; background_color_gradient_type=&#8220;linear&#8220; background_color_gradient_direction=&#8220;180deg&#8220; background_color_gradient_direction_radial=&#8220;center&#8220; background_color_gradient_start_position=&#8220;0%&#8220; background_color_gradient_end_position=&#8220;100%&#8220; parallax=&#8220;off&#8220; parallax_method=&#8220;on&#8220; background_size=&#8220;cover&#8220; background_position=&#8220;center&#8220; background_repeat=&#8220;no-repeat&#8220; background_blend=&#8220;normal&#8220; allow_player_pause=&#8220;off&#8220;]<\/p>\n<h2>SVF AH gewinnt 3-0 gegen den VfL Kaufering<\/h2>\n<p>Als Schiedsrichter Holger Sauter das Spiel nach 80 Minuten abpfiff, da stand er fest \u00a0&#8211; der zweite Saisonsieg der Seniorenf\u00fcchse. Und dieser war hochverdient, da die F\u00fcchse die Partie gegen starke Kauferinger \u00fcber weite Strecken kontrollierten und sich die besseren Torchancen herausspielten.<\/p>\n<p>Zu Beginn der Partie agierten die G\u00e4ste mit einem starken Pressing und setzten die Heimelf geh\u00f6rig unter Druck. Doch die Abwehrkette um M\u00e4x Power und Jocki im Zentrum sowie den Routiniers Roland und HGF stand sicher und wehrte die Angriffe geschickt ab. Nach ca. 20 Minuten \u00fcbernahmen die F\u00fcchse angef\u00fchrt von den beiden Mittelfeldmotoren Fr\u00e4nki und Chrisse die Kontrolle und so erspielten sich die F\u00fcchse einige hochkar\u00e4tige Chancen. Diese konnten leider nicht verwertet werden, so dass es bis kurz vor der Pause noch 0-0 stand. Dann kam der Auftritt von Andy Y, der sich auf rechts au\u00dfen durchspielte und musterg\u00fcltig auf unseren Torj\u00e4ger PM flankte. Dieser schob aus kurzer Distanz \u00fcberlegt zum 1-0 ein. Auf der anderen Seite hatte Kaufering noch einen gef\u00e4hrlichen Konter, den die F\u00fcchse auf der Linie kl\u00e4ren konnten, so dass es bei der knappen F\u00fchrung der Heimelf blieb.<\/p>\n<p>Nach dem Seitenwechsel machten die F\u00fcchse weiter Druck und kontrollierten die Partie. Immer wieder spielten sie sich \u00fcber die Au\u00dfenbahn durch und kamen zu guten Torchancen. Nach einem tollen Angriff kam Christoph an 16er frei zum Schuss. Doch der starke Kauferinger Torwart kl\u00e4rte mit einer Glanztat. Der anschlie\u00dfende Eckball brachte 10 Minuten nach Wiederanpfiff das 2-0. Chrisse verwertete die Hereingabe von HG per Kopf unhaltbar f\u00fcr den G\u00e4stekeeper. Nur 2 Minuten sp\u00e4ter schloss die Heimelf einen Konter \u00fcber Hans und Hans zum vorentscheidenden 3-0 ab. Im Anschluss versuchten die Kauferinger nochmal alles und erspielten sich ihrerseits noch gute Chancen. Doch die F\u00fcchse Abwehr stand gut und was durchging wurde durch den starken F\u00fcchsekeeper Tom hervorragend pariert. Auf der anderen Seite konnten die F\u00fcchse beste Konterchancen nicht verwerten und so blieb es am Ende beim verdienten \u00a03-0 Heimsieg.<\/p>\n<p>Wie schon in der Vorwoche beim Heimsieg gegen Schwabhausen \u00fcberzeugten die F\u00fcchse mit einer tollen Mannschaftsleistung. Sch\u00f6n zu sehen war wieder, dass alle 16 Spieler miteinander gespielt haben, egal wer gerade auf dem Feld war. Gemeinsam mit den Kauferingern wurde im Anschluss die dritte Halbzeit im Sportheim eingel\u00e4utet. Hier wurde dann auch \u00fcber das R\u00fcckspiel am 07.07. in Kaufering diskutiert. Da werden sich die F\u00fcchse dann warm anziehen m\u00fcssen&#8230;<\/p>\n<p>Das n\u00e4chste Spiel bestreiten die Seniorenf\u00fcchse in 14 Tagen, am Freitag den 02. Juni um 19:00h in Scheuring. Dieses Spiel ist wichtig, da bei einem weiteren Sieg der F\u00fcchse die Firma Fischzucht Ruf ein Sparnferkel zur Verf\u00fcgung stellt. Daher m\u00fcssen alle Kr\u00e4fte mobilisiert werden, um dann ein tolles AH Fest planen zu k\u00f6nnen.<\/p>\n<p>[\/et_pb_accordion_item] [\/et_pb_accordion][\/et_pb_column][\/et_pb_row][\/et_pb_section]<\/p>\n","protected":false},"excerpt":{"rendered":"<p>Alte Herren Hobbyrunde &nbsp; Spielplan \/ Vereinbarung Spiele Hans-Georg F\u00fcger Email: &#x63;h&#x2d;&#104;&#x67;&#102;&#x40;&#x67;m&#x78;&#46;&#x64;&#101; Mobil:\u00a0+49 172 8409030 Spielbetrieb Hans Speckbacher Email: h&#97;&#x6e;&#x73;&#x2e;s&#112;&#64;&#x6d;&#x65;&#46;&#99;&#111;&#x6d; Mobil:\u00a0+49 171 8326785 Roland Schmid Email: &#x72;&#x73;&#x6a;&#x65;&#x74;&#x40;&#103;&#109;&#120;&#46;de Mobil:\u00a0+49 172 8373533 Werner Ruf Email:\u00a0i&#x6e;&#102;o&#x40;&#x6c;&#101;&#x63;&#x68;&#116;a&#x6c;&#102;o&#x72;&#x65;&#108;&#x6c;&#x65;&#46;d&#x65; Mobil:\u00a0+49 172 6494930 &nbsp; <div class=\"et_pb_row et_pb_row_0 et_pb_row_empty\">\n\t\t\t\t\n\t\t\t\t\n\t\t\t\t\n\t\t\t\t\n\t\t\t\t\n\t\t\t<\/div> Die AH des SV Fuchstal musste sich bei der AH-Landkreismeisterschaft in Kaufering, obwohl kein Spiel verloren wurde, [&hellip;]<\/p>\n","protected":false},"author":1,"featured_media":0,"parent":0,"menu_order":0,"comment_status":"closed","ping_status":"closed","template":"","meta":{"_et_pb_use_builder":"on","_et_pb_old_content":"","_et_gb_content_width":"","footnotes":""},"class_list":["post-1486","page","type-page","status-publish","hentry"],"_links":{"self":[{"href":"https:\/\/www.svfuchstal.de\/fussball\/wp-json\/wp\/v2\/pages\/1486","targetHints":{"allow":["GET"]}}],"collection":[{"href":"https:\/\/www.svfuchstal.de\/fussball\/wp-json\/wp\/v2\/pages"}],"about":[{"href":"https:\/\/www.svfuchstal.de\/fussball\/wp-json\/wp\/v2\/types\/page"}],"author":[{"embeddable":true,"href":"https:\/\/www.svfuchstal.de\/fussball\/wp-json\/wp\/v2\/users\/1"}],"replies":[{"embeddable":true,"href":"https:\/\/www.svfuchstal.de\/fussball\/wp-json\/wp\/v2\/comments?post=1486"}],"version-history":[{"count":12,"href":"https:\/\/www.svfuchstal.de\/fussball\/wp-json\/wp\/v2\/pages\/1486\/revisions"}],"predecessor-version":[{"id":1704,"href":"https:\/\/www.svfuchstal.de\/fussball\/wp-json\/wp\/v2\/pages\/1486\/revisions\/1704"}],"wp:attachment":[{"href":"https:\/\/www.svfuchstal.de\/fussball\/wp-json\/wp\/v2\/media?parent=1486"}],"curies":[{"name":"wp","href":"https:\/\/api.w.org\/{rel}","templated":true}]}}